ors of d.
3, 7
Let r(h) = 3*h**3 - 2*h**2 - 5*h + 3712. What are the prime factors of r(0)?
2, 29
Let z(l) = -l**2 + 12*l - 18. Let i be z(9). Suppose 8*j = i*j - 5. Suppose j*p - 118 = 107. List the prime factors of p.
3, 5
Suppose 40*t - 16246 = 43998 + 42436. List the prime factors of t.
17, 151
Suppose -7050 + 46349 = 3*b - 7408. What are the prime factors of b?
15569
Suppose 3*n - 25786 = -4*l, -2*n = -6*l - 8449 - 8733. List the prime factors of n.
2, 4297
What are the prime factors of 15/6*(-17)/85*-8408?
2, 1051
What are the prime factors of (-7 - (5 + 25211))*(5 + -6) + -3?
2, 5, 13, 97
Suppose -5*a - 5*w = -15, -2*a + a - 2*w = -8. Let x(o) = o + 18. Let m(l) = -l - 36. Let q(z) = a*m(z) - 5*x(z). What are the prime factors of q(-7)?
3
Let d(s) be the third derivative of -s**5/60 - 23*s**4/8 - 44*s**3/3 + s**2 - 55. List the prime factors of d(-49).
2, 223
Let w = 123 - 116. Suppose k - w*k - 2298 = 0. Let r = k + 538. List the prime factors of r.
5, 31
Let o(w) = 5*w**2 - 4*w - 1. Let u be o(-5). Suppose -55 = -0*j + 5*j + 485. Let k = j + u. What are the prime factors of k?
2, 3
Let g = -486 - -502. Suppose -21*j + g*j - s + 5810 = 0, -j + 2*s + 1162 = 0. What are the prime factors of j?
2, 7, 83
Let g(b) = 5450*b - 17. Let s be g(1). Let h = s + -3760. List the prime factors of h.
7, 239
Suppose -11 = -2*g + 5*t - 2, -3*g + 9 = -3*t. Suppose -5*m + 562 = j, -5*m - 14 - 1065 = -g*j. List the prime factors of j.
547
Let m = -2230 + 8374. List the prime factors of m.
2, 3
Suppose 13806 = -7*z + 35*z - 25*z. List the prime factors of z.
2, 3, 13, 59
Let g(q) = -11*q - 15. Let t(w) = -11*w - 15. Let x(c) = -6*g(c) + 7*t(c). Let o be x(-7). Suppose 61*n = o*n - 15. What are the prime factors of n?
3, 5
Suppose 2*r = -5*d - 17, -10*r + 4*d + 4 = -14*r. Suppose 0 = -i - v + 562, -368 = -i + r*v + 209. What are the prime factors of i?
5, 113
Let x = -4863 - -22200. List the prime factors of x.
3, 5779
Let t be 8/(-3)*75180/112 + -5. What are the prime factors of 15/(-40) + t/(-8)?
2, 7
Let f = -115 + 118. Suppose 4*r + f - 5 = 2*y, 4*r + y - 11 = 0. What are the prime factors of (-2 - (-49)/14) + 361/r?
2, 7, 13
Let d = 1597 - 274. List the prime factors of d.
3, 7
Let w be ((-1196)/130)/(1/(-60)). Suppose -w + 3800 = 14*a. List the prime factors of a.
2, 29
What are the prime factors of -11 + 6880 + (-1 - (-3 - 2))?
3, 29, 79
Suppose 0 = 3*n + 407 - 428. Let v(w) = 19*w**2 + 6*w - 4. What are the prime factors of v(n)?
3, 17, 19
Let p = -139 + 136. Let n(l) = -15*l**3 + 2*l**2 - l - 15. What are the prime factors of n(p)?
3, 137
Suppose 0 = -2*q - 5*u + 6329, -7048 = -2*q + 5*u - 769. List the prime factors of q.
2, 197
Suppose 112*k - 215*k - 78688 = -111*k. What are the prime factors of k?
2, 2459
Let o(y) = -581*y - 1106. List the prime factors of o(-17).
7, 179
Let h(u) = 84*u**3 + 54*u**2 - 212*u - 13. List the prime factors of h(4).
3, 11, 163
Let u be (-4)/(-34) + 1755/255. Suppose 4*f + 9 = -n, -u*f + 3*f = -n + 31. Suppose -n*d = d - 2472. What are the prime factors of d?
2, 103
Let c be (1197/9)/(1*(-2)/(-82)). Suppose -4*a + 995 = -c. What are the prime factors of a?
2, 13, 31
Let a(j) = 2*j**3 + 2*j**2 - 1. Let z be a(1). Suppose 5*s + 22 = -d, 4*s + z*d - 1 = -23. List the prime factors of (-9)/s*616/21.
2, 3, 11
Let m be ((-3)/1 + 3)/3. Suppose m = -5*w - 5*g + 140, -3*g - 119 = -6*w + 2*w. Suppose -3*q = w - 104. What are the prime factors of q?
5
Let p be (-6)/(-18)*12*3. Suppose -p*r = -6*r - 1494. List the prime factors of r.
3, 83
Let n be (-5736)/(5 + -11)*2/8. Let v = n + 115. What are the prime factors of v?
2, 3, 59
Suppose 5*n - 3*p = 48, 4*p = n + 5*p - 8. List the prime factors of 3075/n - 3 - (-2)/6.
3, 113
Suppose 38592 = 3*b + 3*s, 8*b - 102909 = 36*s - 41*s. What are the prime factors of b?
19, 677
Let r be (-16 + 26)*(-5556)/(-10). Suppose -174 - r = -30*o. List the prime factors of o.
191
Let x be 12/((18/4)/3). Let l = 21 - 18. Suppose -l*o = x*a - 5*a - 747, -3*a = 5*o - 1241. List the prime factors of o.
13, 19
What are the prime factors of (795/6)/(295/51684)?
2, 3, 53, 73
Let z = 843 + -399. Let k = 877 - z. What are the prime factors of k?
433
Let d = 3871 - 3040. List the prime factors of d.
3, 277
Let t(u) = 67*u + 1. Let c be t(3). Let j be (-7)/35 + -2*c/(-20). List the prime factors of 161 - ((-8)/20)/((-4)/j).
3, 53
Let u = -21149 + 36673. What are the prime factors of u?
2, 3881
Suppose 2*x = 54*w - 57*w + 8867, -2*w = -6. List the prime factors of x.
43, 103
Suppose -293*b + 275*b + 76374 = 0. What are the prime factors of b?
4243
Let w(r) = 3*r**2 + r + 1. Let h be (12/9)/((-2)/(-3)). Let a be w(h). Suppose -11*t + 8*t + a = 0. List the prime factors of t.
5
Suppose 0 = -3*w + 2*q + 19670, -105*w - 5*q + 6534 = -104*w. What are the prime factors of w?
2, 29, 113
Suppose -m = -4*v + 980, m + m = -v + 236. Let i be (-4)/(-4) + 692/(-3 + -1). Let a = v + i. What are the prime factors of a?
2, 3
Suppose -2*v + 4*x = -0*x - 1420, -5*x = 5*v - 3535. Suppose v = 3*y - 207. List the prime factors of y.
5, 61
Let d = 33343 - -20. What are the prime factors of d?
3, 11, 337
Suppose -237*f + 157916 = -193*f. What are the prime factors of f?
37, 97
Let u = -24 - -8. Let h(s) = 57*s + 1816. Let f be h(-32). List the prime factors of (-484)/(-2)*f/u.
11
List the prime factors of (-15)/90 + (-316626)/(-36).
5, 1759
List the prime factors of (7 + 5360/48)/(98/96 + -1).
2, 89
Let r(p) = -2239*p + 1265. What are the prime factors of r(-3)?
2, 13, 307
Suppose -3*q - q = 4*l - 26320, 4*q - 26284 = 2*l. List the prime factors of q.
2, 19, 173
Suppose 5*x - 822 - 94 = -3*d, -d = 5*x - 302. Let m = 722 - d. What are the prime factors of m?
5, 83
Suppose 5*i - 56185 = -5*d, i - 5*d - 8763 - 2462 = 0. What are the prime factors of i?
3, 5, 7, 107
Let h be ((-5)/(-6))/((-7)/(-42)). Suppose 5*b + h*t = 2630, 5*t + 1015 - 2595 = -3*b. What are the prime factors of b?
3, 5, 7
Suppose 0 = -5*v + 16 + 4. Suppose 0 = -4*u + 4*o + 3104, 0 = v*u - 3*o + 1194 - 4296. What are the prime factors of u?
2, 3, 43
Suppose 0 = n + 3*g - 44, n + 60 = 3*n - g. List the prime factors of (n/(-3))/((-14)/357).
2, 17
Suppose -3*r + 126 = -5*h + 6*h, -r + 242 = 2*h. Let n be 3552/h - (-2)/5. Suppose -32*t = -n*t - 42. What are the prime factors of t?
3, 7
Let u(s) = -33*s + 151. Let y be u(-22). Let g = y + -226. What are the prime factors of g?
3, 7, 31
Let v = 311 + -306. Suppose 0 = -b + 4*j - 16 + v, -5*b = -j - 40. List the prime factors of b.
3
Let m(h) = -h**3 + 32*h**2 - 2*h + 56. Let f be m(32). What are the prime factors of (710/f)/(0 - 7/28)?
5, 71
Suppose 4 = -d - 39. Let w = -25 - d. Suppose -k = w - 77. List the prime factors of k.
59
List the prime factors of (-58736)/(-3)*(2/3 - (-85)/102).
2, 3671
Let p(f) = 66*f**3 - 22*f**2 + 49*f + 8. What are the prime factors of p(6)?
2, 6883
Let v be ((-152)/(-95))/((-4)/10). Let h be 241/(v*2/(-8)). Suppose -f + 2*c + 8 = -65, h = 3*f + 5*c. What are the prime factors of f?
7, 11
Let v = -156 - -158. What are the prime factors of (450/(-12) - v)*-6?
3, 79
Suppose -9490 = -50*l + 46*l + 2*k, 3*l + 3*k = 7131. List the prime factors of l.
2, 1187
Suppose 4*k - 147173 = -22813. List the prime factors of k.
2, 5, 3109
Suppose 0 = -6*g + 10*g + 2*i - 28, 2*g = i + 6. Suppose j = c + 696, -448 = -2*j - g*c + 944. What are the prime factors of j?
2, 3, 29
Let p be 1/(-4) + (-58328)/32. Let s = 2922 + p. Suppose 7*a + 63 - s = 0. What are the prime factors of a?
2, 37
Suppose 20762 - 21569 = -13*j + 160939. What are the prime factors of j?
2, 6221
Suppose 3*n - 70857 = 4*u, -47224 = -2*n - 48*u + 46*u. What are the prime factors of n?
5, 4723
Let x(g) be the first derivative of 67*g**3/2 + g**2 - 4*g - 14. Let p(y) be the first derivative of x(y). List the prime factors of p(1).
7, 29
Suppose -20 = -4*a + 48. Let r(q) = 2*q**2 - 26*q - 2. List the prime factors of r(a).
2, 67
Let l(c) = c**2 + 15*c + 1. Let m be l(-8). List the prime factors of (-1365)/m + (-2)/(-11).
5
Suppose 79*n = 81*n - 2, 3*n - 6099 = -2*g. What are the prime factors of g?
2, 3, 127
Suppose 2*t - 2*t = 3*t. Suppose 0 = -5*m + 25, 0 = -3*h + 4*m - t*m + 580. What are the prime factors of h?
2, 5
Let p(n) = -2*n - 2